base 14, what is 139b0 - -3d?
13a0d
In base 7, what is -1 - 221520562?
-221520563
In base 13, what is 4466 - a1a5?
-5a3c
In base 10, what is -48609 + -106?
-48715
In base 6, what is -1531254455 + 21?
-1531254434
In base 7, what is 5 - -423212535?
423212543
In base 12, what is 603 - a767?
-a164
In base 8, what is -10 + -32644?
-32654
In base 10, what is -51507499 + 0?
-51507499
In base 4, what is 32 + -1220300223?
-1220300131
In base 14, what is 17d907 - 1?
17d906
In base 6, what is 30101234000 + -5?
30101233551
In base 16, what is -17 - a1b9ce?
-a1b9e5
In base 12, what is b5b - 1a43?
-aa4
In base 13, what is -3 - 8374784?
-8374787
In base 16, what is 8cb + 1ac?
a77
In base 15, what is 960 + -9ee0?
-9580
In base 2, what is 111011000 - -10110010101110001001?
10110010110101100001
In base 6, what is -2201123 - -214?
-2200505
In base 3, what is 11101221211 + -222221?
11100221220
In base 15, what is 3 + -3d95d7?
-3d95d4
In base 5, what is -10030412444 - -22?
-10030412422
In base 15, what is -2336cd3 + -1?
-2336cd4
In base 12, what is 356 + -18411?
-18077
In base 8, what is 273140 + -1302?
271636
In base 9, what is -36731716 + 0?
-36731716
In base 16, what is -5780f4 + 80?
-578074
In base 6, what is -3 + -2221230542?
-2221230545
In base 6, what is 35215332 + -1?
35215331
In base 4, what is -11032113321 + 2?
-11032113313
In base 9, what is 178 - -5261300?
5261478
In base 5, what is -1 - 1022420001?
-1022420002
In base 6, what is -454 - 143022?
-143520
In base 5, what is 2331144011 + -31?
2331143430
In base 13, what is -56 - 82475?
-824cb
In base 15, what is -2d - -34c4c5?
34c497
In base 16, what is 170842a - 3?
1708427
In base 7, what is -3 + -62406223?
-62406226
In base 10, what is 791 + 53948?
54739
In base 16, what is -11a55d38 - 0?
-11a55d38
In base 16, what is 17da25c - 6?
17da256
In base 5, what is -13443242 + 12?
-13443230
In base 9, what is 50 - 201543?
-201483
In base 11, what is -1a - -1985a0?
198581
In base 15, what is -11 - 2662b?
-2663c
In base 13, what is c571762b - -4?
c5717632
In base 5, what is -4 - 11103420140?
-11103420144
In base 15, what is 8b20 + -1253?
78bc
In base 10, what is 73722249 - 2?
73722247
In base 2, what is 11100 + -110010100001000001?
-110010100000100101
In base 10, what is 4 + -1593441?
-1593437
In base 16, what is -5 - -1c86b96?
1c86b91
In base 14, what is -6 - 73ca2?
-73ca8
In base 11, what is -1260802 + a?
-12607a3
In base 8, what is -17473640 - -1?
-17473637
In base 5, what is 0 + -12023242234?
-12023242234
In base 8, what is 257471 - 16502?
240767
In base 4, what is -2022213 + 3210203?
1121330
In base 16, what is -1c - 4a32b0?
-4a32cc
In base 15, what is -3 + -4adbd?
-4adc1
In base 7, what is 653 - -15240?
16223
In base 12, what is 9 - -a69546?
a69553
In base 10, what is 190205 - -167?
190372
In base 16, what is 1afbcc8 + 6?
1afbcce
In base 3, what is 0 - 11110111010022002?
-11110111010022002
In base 2, what is 101110 - 111000100001000010011?
-111000100000111100101
In base 2, what is 1 - 1010101110110011011000100?
-1010101110110011011000011
In base 5, what is 0 - 12303132312?
-12303132312
In base 14, what is c353 + 14?
c367
In base 8, what is -566232762 + 5?
-566232755
In base 10, what is -2 + -2768470?
-2768472
In base 5, what is -12034010 + 100?
-12033410
In base 8, what is -211154 + -4025?
-215201
In base 7, what is -1256122536 - 4?
-1256122543
In base 12, what is 521 - 16495?
-15b74
In base 9, what is 1476203 - 126?
1476066
In base 13, what is 33768511 - 4?
3376850a
In base 2, what is -11110000100101 - 10100010110001?
-110010011010110
In base 8, what is -2 + 1427700212?
1427700210
In base 4, what is -123322302313 - -3?
-123322302310
In base 14, what is -43 + -30595?
-305d8
In base 11, what is -2665556 - -7?
-266554a
In base 12, what is -32593240 + 2?
-3259323a
In base 4, what is -23332033 - -3?
-23332030
In base 15, what is -c4908c2 - 1?
-c4908c3
In base 7, what is 2322003 + -362?
2321311
In base 8, what is -307220404 - 5?
-307220411
In base 7, what is 460 - -466023?
466513
In base 15, what is -38d793 + 2?
-38d791
In base 6, what is 2201 - 5531?
-3330
In base 4, what is 11030 - -100313332?
100331022
In base 10, what is 25812298 + 38?
25812336
In base 4, what is -11021113 + 1313132?
-3101321
In base 12, what is 259a - -1792?
4170
In base 6, what is -101 + -414314250?
-414314351
In base 7, what is 546240 + -2151?
544056
In base 16, what is 1b13 + 153?
1c66
In base 7, what is 0 + -10032011?
-10032011
In base 2, what is -101110111100110000011 + 111010?
-101110111100101001001
In base 12, what is -1b208 + 4b?
-1b179
In base 16, what is 9fa - -278b?
3185
In base 13, what is 11ba8 - 240?
11968
In base 11, what is -12 + a895563?
a895551
In base 15, what is 4 - -3a86d4?
3a86d8
In base 11, what is -78a0792 - 3?
-78a0795
In base 5, what is -230430 + -12211011?
-12441441
In base 10, what is 2310113 - 76?
2310037
In base 10, what is -15 - 827705?
-827720
In base 16, what is -196e1d + -1d?
-196e3a
In base 10, what is -11 + 36994?
36983
In base 6, what is 434322 + 25125?
503451
In base 14, what is 3 + -a42338b?
-a423388
In base 11, what is 762a61 - -8?
762a69
In base 13, what is 1 - -2a88bab?
2a88bac
In base 9, what is 42651420 + 1?
42651421
In base 6, what is 101502214 + 255?
101502513
In base 8, what is -7214 - -42220?
33004
In base 6, what is 11003 + -105515?
-54512
In base 14, what is -17cbc68 + -4?
-17cbc6c
In base 3, what is 210012010 - 1102012111?
-122000101
In base 10, what is 93 + -82739?
-82646
In base 16, what is -268 + 5e0?
378
In base 3, what is 222212210022210201 + 1?
222212210022210202
In base 4, what is -2131321 - -231112?
-1300203
In base 15, what is 111 - 173cb9?
-173ba8
In base 15, what is -33d4 - 1a?
-33ee
In base 2, what is 10 + -111101001110111100101111?
-111101001110111100101101
In base 16, what is -8 + 7c3f?
7c37
In base 13, what is -3cc8 - c928?
-13923
In base 9, what is -71 - 558030?
-558111
In base 13, what is -30139c47 + 1?
-30139c46
In base 12, what is 5946a + -113?
59357
In base 10, what is 70011 + -328?
69683
In base 6, what is -3 - -44121101?
44121054
In base 6, what is -22 + -21030411?
-21030433
In base 6, what is 3 + 25020055?
25020102
In base 8, what is -463502 + -3?
-463505
In base 12, what is -a49 + a6a3?
9856
In base 12, what is 19 - 4829a6?
-482989
In base 16, what is -3 + 19cb654?
19cb651
In base 5, what is 340002133 + -12?
340002121
In base 11, what is 43aa8 - 7166?
37942
In base 5, what is 1012212324 - 1?
1012212323
In base 11, what is -41568 + 12a26?
-29642
In base 5, what is -13 + 224143400?
224143332
In base 11, what is 3358 - -1a474?
22821
In base 7, what is 213 - -14155?
14401
In base 7, what is -2341244 - -64?
-2341150
In base 13, what is 5bc515 - -116?
5bc62b
In base 11, what is 289 - -27848?
28026
In base 3, what is 12120201121122 - 1010?
12120201120112
In base 16, what is 184bdb - -4?
184bdf
In base 3, what is -1001012101021221 + -10?
-1001012101022001
In base 3, what is 2112212110111 - -112?
2112212111000
In base 8, what is -130742 + -240?
-131202
In base 3, what is 1 + 1022201220220010?
1022201220220011
In base 2, what is -100010001 - 11010010010110010100?
-11010010011010100101
In base 6, what is -4432 - -111425?
102553
In base 5, what is -121 - 33344440?
-33400111
In base 15, what is -650 + -1d28?
-2478
In base 2, what is 101 + -11010100011101101000010011?
-11010100011101101000001110
In base 15, what is 129 - 5cc4d?
-5cb24
In base 4, what is 10 - -3012221221?
3012221231
In base 7, what is -2623 - 34531?
-40454
In base 15, what is 6 - 60c5e7?
-60c5e1
In base 9, what is 64571 + 1714?
66385
In base 9, what is -32770613 + 2?
-32770611
In base 3, what is 1011222111211 - -211?
1011222112122
In base 10, what is 1 + -25188306?
-25188305
In base 7, what is -211314451 + 3?
-211314445
In base 6, what is -3020 - 44520?
-51540
In base 6, what is -1045405434 + 11?
-1045405423
In base 6, what is -51230 + -24444?
-120114
In base 11, what is 35452a7 + 1?
35452a8
In base 12, what is 214b47 - b9?
214a4a
In base 8, what is -253 - -566631?
566356
In base 15, what is -139d8a65 + 2?
-139d8a63
In base 5, what is -34 - -34310100?
34310011
In base 11, what is 3 + -8561a1?
-856199
In base 11, what is 31 - 14106225?
-141061a4
In base 6, what is 204134224353 - -1?
204134224354
In base 7, what 